.
-48
Let d(f) = -f + 16. What is d(-6)?
22
Let n(r) = 2*r + 32. Give n(-14).
4
Let a(s) = -2*s + 4. Determine a(4).
-4
Let c(j) = 18*j - 26. Calculate c(4).
46
Let r(q) = -3*q**2 - 3*q + 1. Calculate r(3).
-35
Let y(q) = -q + 10. What is y(13)?
-3
Let i(n) = 11*n**3 + n**2 + 2*n. Determine i(-1).
-12
Let t(u) = u**3 - 7*u**2 - 7*u - 11. Determine t(8).
-3
Let w(j) = j**3 + 10*j**2 + 4*j + 4. Determine w(-9).
49
Let u(v) = v**3 - 11*v**2 - 4*v + 1. What is u(11)?
-43
Let w(i) = -33*i - 6. Determine w(4).
-138
Let w(a) = -82*a - 333. Calculate w(-4).
-5
Let g(h) = -6*h + 14. What is g(2)?
2
Let p(m) = -13*m - 94. Give p(-7).
-3
Let h(y) = -2*y**3 - 16*y**2 - 15*y + 4. Calculate h(-7).
11
Let d(o) = -o**2 + 4. Give d(-4).
-12
Let b(t) = -10*t + 7. Give b(3).
-23
Let f(o) = -17*o - 79. Determine f(-5).
6
Let s(h) = -20*h - 145. Give s(-7).
-5
Let r(c) = -c**3 + 8*c**2 - 3*c - 4. What is r(8)?
-28
Let q(s) = 2*s**2 + s - 48. Give q(0).
-48
Let v(a) = -2*a**2 - 6*a + 12. Calculate v(-6).
-24
Let o(p) = p - 26. Determine o(-15).
-41
Let y(s) = s**3 + 5*s**2 + s + 11. What is y(-5)?
6
Let f(l) = 16*l + 127. What is f(-9)?
-17
Let r(n) = -n**2 + 26*n - 152. Give r(17).
1
Let b(f) = 2*f - 16. Determine b(7).
-2
Let o(a) = a**2 - 13*a + 29. Give o(15).
59
Let p(f) = 2*f**3 + f**2 + 3*f + 1. Give p(-2).
-17
Let c(u) = u**3 + 55*u**2 - 2*u - 102. What is c(-55)?
8
Let j(d) = d**2 - 9*d + 10. Determine j(8).
2
Let n(k) = 3*k**2 - 9*k - 3. Calculate n(4).
9
Let l(b) = -2*b + 21. Give l(-2).
25
Let x(s) = -3*s**2 + 5*s. Give x(2).
-2
Let x(p) = p**3 + 6*p**2 + 12*p + 14. Calculate x(-4).
-2
Let d(n) = -3*n - 84. Give d(-16).
-36
Let x(h) = -h**2 + 17*h - 12. What is x(18)?
-30
Let j(w) = w**2 - 12*w - 52. Determine j(14).
-24
Let n(h) = h**3 + 2*h - 3. What is n(3)?
30
Let j(s) = -s**2 - 5*s + 12. Calculate j(3).
-12
Let y(a) = a + 10. Determine y(-9).
1
Let m(w) = -6*w + 2. Determine m(-1).
8
Let x(k) = -5*k**3 + k**2 + 4*k - 6. Determine x(3).
-120
Let d(y) = y**3 - 2*y**2 - 2*y. Calculate d(-1).
-1
Let p(z) = -7*z + 1. What is p(-2)?
15
Let j(r) = r**2 + 19*r - 10. What is j(-19)?
-10
Let r(a) = -2*a**2 + 32*a - 15. Determine r(17).
-49
Let y(l) = -l**3 + 8*l - 2. Determine y(-3).
1
Let u(x) = 5*x + 7. Determine u(-2).
-3
Let s(l) = l**2 + 16*l + 32. Calculate s(-13).
-7
Let c(t) = t**3 + 16*t**2 + 16*t - 21. Calculate c(-15).
-36
Let o(p) = -21*p + 188. Give o(9).
-1
Let q(g) = -13*g**2 - 4*g + 5. Calculate q(1).
-12
Let p(m) = 2*m**2 + 3. Calculate p(-3).
21
Let o(d) = -d**3 + 5*d**2 + 6*d - 3. Give o(6).
-3
Let k(s) = 6*s - 3. Give k(3).
15
Let b(z) = -z**2 + 7*z + 9. What is b(-4)?
-35
Let w(h) = h**3 + 29*h**2 + 2*h + 9. What is w(-29)?
-49
Let d(a) = 2*a**2 + 8*a + 6. Calculate d(-5).
16
Let z(g) = -g**2 + 18*g + 17. What is z(19)?
-2
Let b(w) = -4*w**3 - 130*w**2 + 67*w + 28. Calculate b(-33).
-5
Let q(c) = c**3 - 20*c**2 + 18*c + 2. Give q(19).
-17
Let m(z) = 8*z + 1. Determine m(-5).
-39
Let k(q) = q**2 - 2*q - 13. Calculate k(4).
-5
Let o(p) = p**3 + 11*p**2 + 10*p - 14. Give o(-10).
-14
Let x(y) = 7*y - 261. Determine x(36).
-9
Let f(z) = -15*z - 18. Give f(-6).
72
Let y(a) = 3*a**3 + 23*a**2 + 13*a + 19. Determine y(-7).
26
Let z(s) = 3*s**3 + s**2 + 26*s - 26. Give z(1).
4
Let o(m) = m**3 - 2*m**2 - 6*m + 4. Give o(4).
12
Let m(p) = p**2 + 5*p + 2. Calculate m(-4).
-2
Let m(q) = q - 14. What is m(11)?
-3
Let h(l) = 21*l + 133. Give h(-6).
7
Let x(o) = 8*o + 47. What is x(-10)?
-33
Let p(w) = 5*w + 5. Determine p(-4).
-15
Let i(g) = g**3 - 7*g**2 + 4*g + 14. Calculate i(6).
2
Let i(a) = -a**3 - 6*a**2 + 2*a - 8. Determine i(-7).
27
Let k(f) = -5*f - 89. Determine k(-20).
11
Let y(g) = -g**2 - g + 3. Determine y(4).
-17
Let r(d) = -d**2 + 22*d + 52. What is r(24)?
4
Let x(m) = -m**2 - 7*m - 9. Determine x(-7).
-9
Let t(l) = -2*l**2 + 5*l + 21. Give t(6).
-21
Let v(r) = -2*r**2 - 29*r - 30. Give v(-12).
30
Let n(x) = x**2 + 14*x + 55. Determine n(-15).
70
Let r(i) = 2*i**3 - i**2 - 2. Determine r(-2).
-22
Let c(d) = 7*d + 37. Give c(-6).
-5
Let o(l) = -2*l - 28. Determine o(-17).
6
Let b(n) = -7*n + 291. What is b(43)?
-10
Let n(b) = -b**3 - 4*b**2 - 7*b - 4. Give n(-2).
2
Let m(g) = 6*g - 141. Determine m(26).
15
Let l(x) = 3*x - 10. Give l(2).
-4
Let w(l) = l**3 - 39*l**2 + 141*l - 36. Give w(35).
-1
Let o(v) = -4*v - 39. Calculate o(-12).
9
Let l(q) = q**3 - q**2 - 3*q + 6. Determine l(-2).
0
Let l(y) = 2*y**3 - y**2 - 1. Determine l(-2).
-21
Let c(d) = -2*d**3 + 11*d**2 + 6*d - 3. Determine c(6).
-3
Let m(p) = -p**3 - 1. What is m(3)?
-28
Let c(g) = 3*g**2 + 39*g - 17. What is c(-13)?
-17
Let c(r) = r**3 - 3*r**2 - 3*r. Give c(3).
-9
Let c(n) = -n**2 - 8*n - 3. What is c(-7)?
4
Let h(z) = -9*z + 55. What is h(13)?
-62
Let i(o) = 6*o - 95. Calculate i(16).
1
Let o(i) = i**2 - 2*i + 5. Determine o(0).
5
Let g(b) = -2*b - 5. Calculate g(1).
-7
Let a(m) = m**2 + 42. Give a(0).
42
Let o(r) = -13*r - 79. Calculate o(-15).
116
Let t(o) = -2*o**3 - 2*o**2 - 2*o - 1. Give t(-1).
1
Let d(a) = -a**3 - 10*a**2 - 17*a + 6. Calculate d(-8).
14
Let q(j) = -3*j + 1. What is q(-8)?
25
Let h(b) = -14*b + 64. Calculate h(3).
22
Let k(y) = 3*y**2 + 4*y - 2. Determine k(-7).
117
Let m(x) = -x**3 + 9*x**2 + 15. What is m(9)?
15
Let p(z) = z + 3. Give p(0).
3
Let w(i) = 2*i**3 - 23*i**2 + 12*i - 13. Give w(11).
-2
Let t(r) = -r**3 + 4*r**2 - 2*r + 1. Determine t(2).
5
Let m(r) = -r + 2. What is m(4)?
-2
Let f(n) = n + 14. Calculate f(-9).
5
Let z(n) = 3*n + 5. Calculate z(0).
5
Let y(j) = -3*j - 26. What is y(3)?
-35
Let v(f) = -10*f - 33. Give v(-3).
-3
Let r(f) = 2*f**2 - 30*f + 11. Calculate r(15).
11
Let i(s) = -s**3 - 8*s**2 - 3*s - 26. Calculate i(-8).
-2
Let n(q) = -q + 20. What is n(6)?
14
Let u(x) = x**2 + 9*x - 1. Determine u(-9).
-1
Let g(l) = l**2 - 17*l + 45. Determine g(4).
-7
Let d(u) = u**3 + 4*u**2 + 4. Give d(-4).
4
Let r(l) = -3*l**3 + 34*l**2 - 14*l + 26. Give r(11).
-7
Let h(v) = 2*v**2 - 65*v + 39. Determine h(32).
7
Let m(n) = n**3 - 16*n**2 - 15*n - 10. What is m(17)?
24
Let z(f) = -f**3 - 11*f**2 - 23*f + 1. Give z(-8).
-7
Let i(k) = -k**2 - k - 7. What is i(-4)?
-19
Let v(h) = -23*h + 2. What is v(1)?
-21
Let z(u) = -u - 105. Determine z(0).
-105
Let u(l) = l**3 + 32*l**2 + 86*l - 21. What is u(-29)?
8
Let q(s) = 8*s**3 + 2*s**2 + s - 1. What is q(2)?
73
Let w(j) = 14*j - 96. What is w(8)?
16
Let g(i) = i**3 - 3*i**2 + 4*i - 3. What is g(2)?
1
Let w(o) = 3*o**2 + 4*o. Calculate w(-2).
4
Let p(u) = u**3 - 34*u**2 + 225*u - 7. What is p(25)?
-7
Let d(z) = z**2 - 11*z - 3. What is d(10)?
-13
Let s(c) = -c**2 - 4*c - 1. Calculate s(-7).
-22
Let d(x) = 2*x**2 - x. Calculate d(-4).
36
Let l(m) = -m**3 + 28*m**2 + 58*m + 48. Calculate l(30).
-12
Let p(c) = -c**3 - 7*c**2 - 5*c + 3. Determine p(-4).
-25
Let x(i) = -12*i - 24. Determine x(-12).
120
Let j(g) = -4*g**2 + 3*g. Calculate j(-3).
-45
Let l(y) = 3*y + 3. Determine l(2).
9
Let g(p) = -p**3 + 4*p**2 + 2*p + 4. What is g(5)?
-11
Let g(h) = h**2 - 6. Determine g(0).
-6
Let r(l) = -31*l**3 - 2*l**2 + 1. Give r(-1).
30
Let p(c) = 15*c - 3. Give p(6).
87
Let i(b) = b - 10. Give i(20).
10
Let w(x) = x**3 + 11*x**2 - 13*x - 9. Determine w(-12).
3
Let w(y) = y - 2. What is w(-1)?
-3
Let f(w) = 2*w**3 + w**2 + w - 2. What is f(1)?
2
Let m(k) = 66*k - 6. Determine m(-2).
-138
Let l(j) = j**2 - 15*j + 12. Give l(7).
-44
Let o(b) = -b**3 - 6*b**2 + 19. Give o(-6).
19
Let q(t) = -2*t**2 + 33*t - 55. Give q(15).
-10
Let g(d) = -d**2 - 5*d + 10. What is g(2)?
-4
Let f(r) = -18*r + 159. Give f(10).
-21
Let s(n) = -n**2 + 43*n + 192. What is s(-4)?
4
Let p(g) = -g**2 + 19*g - 39. What is p(17)?
-5
Let x(l) = l + 1. What is x(11)?
12
Let q(x) = x - 15. What is q(7)?
-8
Let l(y) = -y - 3. Calculate l(-1).
-2
Let n(y) = -y**2 - 10*y + 5. Give n(-9).
14
Let x(b) = 2*b**3 + 14*b**2 - 8*b + 5. Give x(-7).
61
Let g(u) = u**2 + 10*u - 113. Calculate g(-16).
-17
Let s(g) = -g - 23. Give s(-18).
-5
Let u(j) = j**3 - 14*j**2 - j - 7. Calculate u(14).
-21
Let t(b) = b + 16. Determine t(-7).
9
Let v(o) = -o**3 - 10*o**2 + 10*o + 3. Determine v(-11).
14
Let v(t) = 2*t**2 - 4*t - 1. Determine v(3).
5
Let o(n) = -5*n - 63. Give o(-12).
-3
Let y(o) = 9*o - 3. Calculate y(2).
15
Let l(d) = -d**3 + 15*d**2 - 25*d - 14. 